{"id":367,"date":"2020-02-10T16:36:55","date_gmt":"2020-02-10T15:36:55","guid":{"rendered":"http:\/\/localhost:8888\/bleuetsauvage\/?page_id=367"},"modified":"2024-02-21T12:27:55","modified_gmt":"2024-02-21T11:27:55","slug":"recettes-et-astuces","status":"publish","type":"page","link":"https:\/\/bleuetsauvage.fr\/index.php\/recettes-et-astuces\/","title":{"rendered":"Recettes"},"content":{"rendered":"\n<p class=\"has-accent-1-color has-text-color has-normal-font-size\">Interview Vosges FM &#8211; Recette de crackers aux orties et\/ou \u00e0 l&rsquo;ail des ours<\/p>\n\n\n\n<figure class=\"wp-block-audio\"><audio controls src=\"https:\/\/bleuetsauvage.fr\/wp-content\/uploads\/2024\/02\/Interview-Vosges-FM-2024-02.mp3\"><\/audio><\/figure>\n\n\n\n<div style=\"height:38px\" aria-hidden=\"true\" class=\"wp-block-spacer\"><\/div>\n\n\n\n<ul class=\"wp-block-list\">\n<li><a href=\"http:\/\/bleuetsauvage.fr\/index.php\/sirop-de-plantain\/\">Sirop de plantain<\/a><\/li>\n\n\n\n<li><a href=\"https:\/\/bleuetsauvage.fr\/index.php\/madeleines-au-pesto\/\">Madeleines au pesto<\/a><\/li>\n\n\n\n<li><a href=\"https:\/\/bleuetsauvage.fr\/index.php\/muffins-aux-mures\/\">Muffins aux m\u00fbres<\/a><\/li>\n\n\n\n<li><a href=\"https:\/\/bleuetsauvage.fr\/index.php\/terrine-a-la-ciboulette\/\">Biscuits aux fleurs de pissenlit<\/a><\/li>\n\n\n\n<li><a href=\"https:\/\/bleuetsauvage.fr\/?page_id=443\">Galettes au Tussilage<\/a><\/li>\n\n\n\n<li><a href=\"https:\/\/bleuetsauvage.fr\/?page_id=689\">G\u00e2teau roul\u00e9 ap\u00e9ritif aux cynorrhodons<\/a><\/li>\n\n\n\n<li><a href=\"https:\/\/bleuetsauvage.fr\/index.php\/soupe-a-lortie\/\">Soupe \u00e0 l&rsquo;ortie<\/a><\/li>\n<\/ul>\n\n\n\n<div style=\"height:41px\" aria-hidden=\"true\" class=\"wp-block-spacer\"><\/div>\n\n\n\n<div class=\"wp-block-media-text alignwide is-stacked-on-mobile\" style=\"grid-template-columns:43% auto\"><figure class=\"wp-block-media-text__media\"><img loading=\"lazy\" decoding=\"async\" width=\"1024\" height=\"768\" src=\"https:\/\/bleuetsauvage.fr\/wp-content\/uploads\/2020\/12\/les-livrets-1.jpg\" alt=\"\" class=\"wp-image-656 size-full\" srcset=\"https:\/\/bleuetsauvage.fr\/wp-content\/uploads\/2020\/12\/les-livrets-1.jpg 1024w, https:\/\/bleuetsauvage.fr\/wp-content\/uploads\/2020\/12\/les-livrets-1-300x225.jpg 300w, https:\/\/bleuetsauvage.fr\/wp-content\/uploads\/2020\/12\/les-livrets-1-768x576.jpg 768w, https:\/\/bleuetsauvage.fr\/wp-content\/uploads\/2020\/12\/les-livrets-1-267x200.jpg 267w\" sizes=\"auto, (max-width: 1024px) 100vw, 1024px\" \/><\/figure><div class=\"wp-block-media-text__content\">\n<p style=\"font-size:20px\">L&rsquo;ortie et l&rsquo;ail des ours sous toutes ses formes.<br>2 Carnets de recettes en vente au prix de 7\u20ac pi\u00e8ce.<\/p>\n<\/div><\/div>\n","protected":false},"excerpt":{"rendered":"<p>Interview Vosges FM &#8211; Recette de crackers aux orties et\/ou \u00e0 l&rsquo;ail des ours L&rsquo;ortie et l&rsquo;ail des ours sous &hellip;<\/p>\n","protected":false},"author":1,"featured_media":0,"parent":0,"menu_order":0,"comment_status":"closed","ping_status":"closed","template":"","meta":{"footnotes":""},"class_list":["post-367","page","type-page","status-publish","hentry"],"_links":{"self":[{"href":"https:\/\/bleuetsauvage.fr\/index.php\/wp-json\/wp\/v2\/pages\/367","targetHints":{"allow":["GET"]}}],"collection":[{"href":"https:\/\/bleuetsauvage.fr\/index.php\/wp-json\/wp\/v2\/pages"}],"about":[{"href":"https:\/\/bleuetsauvage.fr\/index.php\/wp-json\/wp\/v2\/types\/page"}],"author":[{"embeddable":true,"href":"https:\/\/bleuetsauvage.fr\/index.php\/wp-json\/wp\/v2\/users\/1"}],"replies":[{"embeddable":true,"href":"https:\/\/bleuetsauvage.fr\/index.php\/wp-json\/wp\/v2\/comments?post=367"}],"version-history":[{"count":38,"href":"https:\/\/bleuetsauvage.fr\/index.php\/wp-json\/wp\/v2\/pages\/367\/revisions"}],"predecessor-version":[{"id":1045,"href":"https:\/\/bleuetsauvage.fr\/index.php\/wp-json\/wp\/v2\/pages\/367\/revisions\/1045"}],"wp:attachment":[{"href":"https:\/\/bleuetsauvage.fr\/index.php\/wp-json\/wp\/v2\/media?parent=367"}],"curies":[{"name":"wp","href":"https:\/\/api.w.org\/{rel}","templated":true}]}}